
Calculate the greatest common factor of 1459950 and 450.
150
Calculate the greatest common divisor of 1227132 and 36.
36
Calculate the greatest common factor of 1620 and 16580.
20
What is the highest common factor of 1200 and 26850?
150
Calculate the greatest common divisor of 23044 and 644.
28
What is the greatest common factor of 145 and 594355?
145
Calculate the highest common divisor of 405072 and 3456.
144
Calculate the highest common factor of 110 and 24805.
55
What is the greatest common factor of 9507840 and 1238?
1238
Calculate the greatest common divisor of 726454 and 62.
62
What is the greatest common factor of 42361 and 22?
11
What is the greatest common factor of 26286 and 78?
78
What is the greatest common divisor of 36974 and 798?
266
What is the greatest common divisor of 4715 and 5617?
41
Calculate the highest common divisor of 17616 and 96.
48
What is the greatest common divisor of 1534 and 836797?
767
Calculate the greatest common divisor of 15688 and 9328.
424
Calculate the highest common factor of 343 and 7889.
343
Calculate the greatest common factor of 51 and 12618012.
51
Calculate the greatest common divisor of 35014 and 3444.
574
Calculate the highest common divisor of 9110 and 15.
5
What is the greatest common factor of 106 and 1596466?
106
What is the greatest common divisor of 3020 and 307436?
604
What is the greatest common factor of 2230 and 16056?
446
What is the greatest common factor of 13790 and 5250?
70
What is the highest common factor of 342 and 60192?
342
What is the highest common divisor of 39 and 9906?
39
What is the greatest common factor of 65 and 2543385?
65
Calculate the greatest common divisor of 5480 and 1860.
20
Calculate the highest common factor of 2580 and 301.
43
Calculate the greatest common divisor of 18 and 1376316.
18
Calculate the highest common divisor of 104 and 199524.
52
What is the highest common factor of 1095584 and 469?
469
What is the highest common factor of 51221 and 393?
131
What is the greatest common divisor of 676215 and 135?
135
What is the highest common divisor of 363 and 594?
33
Calculate the highest common divisor of 167 and 11189.
167
What is the highest common divisor of 59577 and 12?
3
What is the greatest common factor of 31 and 79205?
31
What is the greatest common factor of 301524 and 84?
12
What is the greatest common divisor of 322 and 16514?
46
Calculate the greatest common factor of 196 and 987.
7
Calculate the highest common factor of 810 and 234.
18
What is the greatest common factor of 189 and 3423?
21
Calculate the greatest common factor of 12287 and 143.
11
Calculate the greatest common factor of 1856 and 10179.
29
Calculate the greatest common factor of 637 and 949.
13
Calculate the greatest common divisor of 3875541 and 102.
51
Calculate the greatest common factor of 8568 and 864.
72
What is the greatest common divisor of 327396 and 8?
4
Calculate the greatest common divisor of 32612 and 620.
124
What is the highest common divisor of 46 and 2772719?
23
Calculate the greatest common divisor of 3244 and 20.
4
What is the highest common divisor of 517658 and 188?
94
What is the highest common factor of 99819 and 207?
9
What is the highest common divisor of 2634 and 348?
6
Calculate the greatest common factor of 113102 and 265.
53
Calculate the greatest common divisor of 2888 and 130568.
152
Calculate the highest common factor of 15 and 1600395.
15
What is the highest common factor of 174470 and 146?
146
What is the highest common divisor of 11 and 134057?
11
What is the highest common divisor of 1402928 and 64?
16
Calculate the greatest common divisor of 188 and 768591.
47
What is the greatest common divisor of 84 and 144564?
84
What is the greatest common factor of 131 and 841806?
131
What is the highest common factor of 440 and 12892?
44
What is the highest common divisor of 165 and 12855?
15
Calculate the highest common factor of 128 and 17288.
8
What is the highest common factor of 107419 and 169?
13
Calculate the highest common divisor of 15686366 and 1306.
1306
What is the highest common factor of 2902192 and 32?
16
What is the greatest common factor of 13340 and 35380?
580
Calculate the highest common factor of 39 and 3915067.
13
Calculate the greatest common factor of 34684 and 26.
26
Calculate the highest common divisor of 356097 and 651.
651
What is the greatest common divisor of 2535 and 897?
39
What is the highest common divisor of 775 and 23281?
31
Calculate the greatest common factor of 512233 and 46.
23
Calculate the highest common divisor of 99335 and 5.
5
What is the greatest common divisor of 75 and 219?
3
What is the greatest common factor of 8364 and 276?
12
Calculate the highest common divisor of 645 and 210055.
215
Calculate the highest common factor of 9 and 24303.
3
What is the highest common factor of 312375 and 75?
75
What is the greatest common factor of 391564 and 1060?
212
Calculate the greatest common factor of 188568 and 24.
24
What is the greatest common factor of 11211 and 444?
111
Calculate the greatest common divisor of 148770 and 10.
10
What is the highest common factor of 357735 and 280?
35
What is the highest common divisor of 63488 and 20088?
248
Calculate the greatest common divisor of 1943 and 406.
29
Calculate the highest common factor of 44982 and 6804.
378
What is the greatest common divisor of 55315 and 161460?
1495
Calculate the highest common divisor of 73260 and 32634.
666
What is the greatest common factor of 5837 and 169?
13
Calculate the highest common divisor of 1971 and 36.
9
What is the highest common factor of 136700 and 800?
100
Calculate the greatest common divisor of 714 and 757554.
714
Calculate the greatest common factor of 68901 and 1428.
357
Calculate the highest common divisor of 23814 and 89019.
567
What is the greatest common divisor of 1179826 and 219?
73
Calculate the greatest common divisor of 1012 and 36018.
46
Calculate the highest common divisor of 92512 and 590.
118
What is the greatest common factor of 13924 and 12?
4
Calculate the highest common factor of 656363 and 5464.
683
Calculate the greatest common factor of 32452 and 1558.
38
What is the greatest common factor of 18663 and 3?
3
What is the greatest common factor of 4624 and 1360?
272
What is the highest common divisor of 60 and 55?
5
What is the greatest common factor of 1647 and 72041?
61
What is the greatest common divisor of 49 and 76391?
49
What is the highest common factor of 11 and 6236032?
11
What is the highest common factor of 2028 and 120?
12
What is the greatest common divisor of 583 and 1111?
11
What is the greatest common divisor of 14 and 6394150?
14
What is the greatest common factor of 687 and 162590?
229
Calculate the greatest common divisor of 32250 and 1806.
258
What is the highest common factor of 124 and 2567978?
62
What is the highest common factor of 186 and 4185?
93
What is the highest common factor of 559239 and 393?
393
What is the greatest common divisor of 885 and 60?
15
Calculate the highest common divisor of 5160 and 1752.
24
Calculate the highest common factor of 92598 and 6.
6
Calculate the highest common factor of 384312 and 16.
8
What is the highest common divisor of 177397 and 11?
11
What is the highest common factor of 33271 and 1?
1
What is the greatest common factor of 15 and 8553?
3
Calculate the greatest common divisor of 114530 and 260.
130
Calculate the highest common divisor of 382745 and 165.
55
Calculate the highest common divisor of 147255 and 30.
15
What is the greatest common divisor of 5751 and 1539?
81
What is the highest common divisor of 6413 and 6943?
53
What is the highest common divisor of 96 and 11865552?
48
Calculate the greatest common divisor of 77 and 320936.
77
What is the greatest common divisor of 17278 and 371?
53
Calculate the highest common divisor of 240 and 49320.
120
Calculate the highest common factor of 753 and 1884508.
251
What is the highest common factor of 1309 and 14553?
77
Calculate the greatest common divisor of 10 and 83530.
10
Calculate the greatest common factor of 115 and 143635.
115
What is the highest common factor of 38 and 4177644?
38
What is the highest common divisor of 312 and 8931?
39
What is the greatest common divisor of 10105 